t is -28 (base 10) in base 15?
-1d
What is 103 (base 4) in base 3?
201
-21 (base 3) to base 7
-10
Convert -1 (base 16) to base 9.
-1
5d (base 14) to base 4
1103
Convert 22 (base 13) to base 4.
130
21 (base 8) to base 10
17
What is -7 (base 12) in base 5?
-12
Convert 8c (base 16) to base 7.
260
What is -7 (base 9) in base 10?
-7
What is 0 (base 6) in base 3?
0
Convert -32 (base 13) to base 5.
-131
What is 78 (base 11) in base 13?
67
What is 1 (base 15) in base 3?
1
21 (base 16) to base 9
36
Convert 1 (base 6) to base 10.
1
Convert -104 (base 6) to base 16.
-28
Convert -1 (base 16) to base 14.
-1
What is 411 (base 7) in base 16?
cc
-1 (base 9) to base 6
-1
Convert -275 (base 9) to base 16.
-e6
What is -20 (base 3) in base 4?
-12
1 (base 11) to base 6
1
Convert 0 (base 16) to base 5.
0
Convert -2222 (base 3) to base 11.
-73
-3 (base 8) to base 15
-3
What is 3 (base 10) in base 4?
3
Convert -3 (base 15) to base 9.
-3
Convert 0 (base 3) to base 11.
0
What is -10000000 (base 2) in base 4?
-2000
Convert 12 (base 12) to base 9.
15
0 (base 8) to base 13
0
Convert 350 (base 8) to base 13.
14b
What is -11d (base 14) in base 4?
-3133
-b (base 14) to base 6
-15
Convert -28 (base 9) to base 15.
-1b
Convert 4 (base 14) to base 10.
4
Convert -2 (base 4) to base 7.
-2
Convert -59 (base 11) to base 7.
-121
What is 166 (base 8) in base 11?
a8
Convert 12 (base 8) to base 16.
a
Convert 132 (base 4) to base 15.
20
Convert -78 (base 12) to base 6.
-232
What is -34 (base 6) in base 15?
-17
Convert 5 (base 8) to base 12.
5
Convert -13 (base 14) to base 11.
-16
What is -13 (base 11) in base 14?
-10
20 (base 4) to base 11
8
What is 9 (base 14) in base 8?
11
-4 (base 8) to base 11
-4
18 (base 9) to base 13
14
c2 (base 14) to base 11
145
-201 (base 8) to base 9
-153
2 (base 9) to base 7
2
Convert -14 (base 5) to base 14.
-9
What is -20 (base 3) in base 10?
-6
What is 5 (base 14) in base 7?
5
What is 33 (base 8) in base 12?
23
Convert 2 (base 13) to base 6.
2
-1110 (base 2) to base 15
-e
Convert -2 (base 4) to base 11.
-2
What is 377 (base 8) in base 2?
11111111
Convert -57 (base 16) to base 12.
-73
2b (base 14) to base 16
27
What is -22 (base 5) in base 11?
-11
What is -12 (base 5) in base 12?
-7
Convert 3 (base 13) to base 11.
3
What is 6 (base 8) in base 5?
11
What is -22 (base 16) in base 4?
-202
-1a3 (base 11) to base 5
-1414
-34 (base 7) to base 5
-100
What is 1 (base 15) in base 3?
1
What is -12011 (base 3) in base 14?
-9d
What is -2 (base 10) in base 7?
-2
What is -6 (base 16) in base 4?
-12
-2 (base 12) to base 3
-2
Convert 17b (base 12) to base 5.
1424
Convert -1 (base 7) to base 12.
-1
-28 (base 11) to base 15
-20
What is 7 (base 9) in base 2?
111
Convert 1 (base 13) to base 8.
1
What is -3 (base 10) in base 13?
-3
Convert 125 (base 6) to base 8.
65
What is 0 (base 14) in base 10?
0
c (base 13) to base 3
110
Convert -25 (base 7) to base 16.
-13
Convert -204 (base 6) to base 16.
-4c
Convert 337 (base 11) to base 12.
297
What is 0 (base 10) in base 13?
0
Convert -9a (base 12) to base 3.
-11101
5 (base 12) to base 10
5
Convert -4 (base 9) to base 6.
-4
2 (base 5) to base 3
2
What is -101 (base 2) in base 11?
-5
-10 (base 5) to base 14
-5
What is -1010 (base 2) in base 10?
-10
1010 (base 5) to base 7
244
What is -c (base 15) in base 13?
-c
What is -12 (base 9) in base 4?
-23
Convert 133 (base 5) to base 2.
101011
Convert 1003 (base 4) to base 6.
151
f9 (base 16) to base 3
100020
1 (base 6) to base 2
1
Convert 11 (base 7) to base 13.
8
-8 (base 13) to base 7
-11
What is 51 (base 8) in base 10?
41
-7 (base 9) to base 14
-7
What is -8 (base 13) in base 2?
-1000
What is -8 (base 13) in base 8?
-10
What is -21 (base 5) in base 10?
-11
Convert -2 (base 16) to base 15.
-2
2 (base 15) to base 3
2
Convert -b (base 14) to base 15.
-b
62 (base 8) to base 16
32
What is -21 (base 14) in base 3?
-1002
Convert 2 (base 12) to base 8.
2
Convert 30 (base 9) to base 2.
11011
Convert -5 (base 10) to base 16.
-5
Convert -1 (base 9) to base 12.
-1
Convert -10 (base 2) to base 3.
-2
Convert 4 (base 6) to base 5.
4
What is 24 (base 12) in base 11?
26
-2 (base 8) to base 14
-2
-10000 (base 2) to base 5
-31
Convert -201 (base 7) to base 5.
-344
What is 2 (base 5) in base 15?
2
What is -11000001 (base 2) in base 15?
-cd
What is 316 (base 7) in base 2?
10100000
Convert -14 (base 5) to base 8.
-11
Convert -112 (base 6) to base 4.
-230
Convert -16 (base 7) to base 15.
-d
Convert -3 (base 7) to base 8.
-3
Convert 150 (base 11) to base 2.
10110000
What is -52 (base 12) in base 15?
-42
1001111 (base 2) to base 6
211
What is 4 (base 10) in base 13?
4
Convert 33 (base 10) to base 6.
53
What is -2 (base 13) in base 9?
-2
Convert 46 (base 8) to base 15.
28
What is -11 (base 3) in base 14?
-4
Convert 2 (base 7) to base 4.
2
-305 (base 6) to base 3
-11012
Convert 3 (base 6) to base 3.
10
46 (base 16) to base 6
154
Convert 2 (base 13) to base 5.
2
86 (base 13) to base 11
a0
What is -261 (base 9) in base 14?
-117
-15 (base 16) to base 9
-23
-10 (base 9) to base 6
-13
-134 (base 8) to base 5
-332
What is 2 (base 15) in base 7?
2
Convert ae (base 16) to base 5.
1144
What is 15 (base 6) in base 5?
21
Convert 43 (base 12) to base 3.
1220
-6 (base 12) to base 14
-6
What is 1 (base 4) in base 16?
1
What is 14 (base 14) in base 2?
10010
What is -1 (base 16) in base 2?
-1
-40 (base 6) to base 15
-19
30 (base 6) to base 4
102
Convert -106 (base 10) to base 5.
-411
Convert 128 (base 12) to base 3.
20112
-15 (base 7) to base 5
-22
Convert -13 (base 10) to base 15.
-d
-24 (base 16) to base 2
-100100
3 (base 13) to base 12
3
1431 (base 5) to base 11
1aa
What is 4 (base 10) in base 13?
4
What is -20 (base 11) in base 16?
-16
Convert -12 (base 12) to base 4.
-32
-6d (base 15) to base 4
-1213
Convert -123 (base 4) to base 11.
-25
What is -6 (base 14) in base 9?
-6
20 (base 9) to base 3
200
What is -1c (base 14) in base 11?
-24
Convert 8b (base 14) to base 16.
7b
10 (base 3) to base 11
3
Convert -10 (base 7) to base 9.
-7
8 (base 9) to base 10
8
-8 (base 11) to base 15
-8
Convert 1 (base 2) to base 16.
1
What is -2 (base 7) in base 5?
-2
-11 (base 11) to base 8
-14
Convert -12 (base 8) to base 11.
-a
What is -3 (base 6) in base 12?
-3
1a6 (base 12) to base 6
1130
What is 101101 (base 2) in base 8?
55
What is 3 (base 14) in base 13?
3
-1 (base 12) to base 10
-1
Convert 243 (base 9) to base 16.
c9
13 (base 6) to base 4
21
-10011 (base 3) to base 12
-71
Convert -2 (base 8) to base 4.
-2
What is 18 (base 13) in base 15?
16
Convert -2111 (base 4) to base 10.
-149
15 (base 9) to base 12
12
What is -14 (base 7) in base 15?
-b
-10010 (base 3) to base 8
-124
What is 0 (base 5) in base 13?
0
-10000 (base 2) to base 4
-100
What is 2 (base 16) in base 6?
2
What is 3 (base 9) in base 14?
3
4 (base 13) to base 3
11
Convert -3 (base 8) to base 12.
-3
-176 (base 9) to base 4
-2112
101 (base 3) to base 8
12
What is 5 (base 15) in base 4?
11
What is -2 (base 6) in base 14?
-2
What is 72 (base 10) in base 16?
48
What is 8 (base 11) in base 2?
1000
What is -166 (base 7) in base 6?
-241
Convert 4 (base 10) to base 16.
4
What is 32 (base 4) in base 5?
24
Convert 4 (base 6) to base 9.
4
What is 10 (base 10) in base 8?
12
What is -24 (base 8) in base 14?
-16
-176 (base 14) to base 7
-606
What is -30 (base 13) in base 9?
-43
What is -1000110 (base 2) in base 10?
-70
Convert -11 (base 9) to base 6.
-14
What is -25 (base 7) in base 14?
-15
4 (base 8) to base 15
4
Convert -1 (base 13) to base 7.
-1
Convert 2033 (base 5) to base 11.
224
Convert 25 (base 15) to base 10.
35
Convert 0 (base 2) to base 7.
0
2 (base 14) to base 9
2
What is -7b (base 15) in base 12?
-98
Convert a (base 11) to base 12.
a
Convert -11 (base 7) to base 8.
-10
7 (base 10) to base 7
10
16 (base 16) to base 13
19
Convert -1 (base 16) to base 9.
-1
What is -12011 (base 3) in base 9?
-164
Convert -26 (base 11) to base 5.
-103
-7 (base 13) to base 9
-7
Convert -2b (base 14) to base 15.
-29
What is -27 (base 12) in base 13?
-25
25 (base 16) to base 9
41
What is -135 (base 9) in base 7?
-221
Convert 11 (base 3) to base 14.
4
-5 (base 16) to base 11
-5
What is -2e (base 15) in base 7?
-62
Convert -11 (base 2) to base 11.
-3
0 (base 9) to base 12
0
What is 6b (base 15) in base 11?
9